{"id":192,"date":"2024-10-02T11:12:58","date_gmt":"2024-10-02T14:12:58","guid":{"rendered":"https:\/\/catalogo.personallivre.com.br\/?page_id=192"},"modified":"2025-04-19T10:16:57","modified_gmt":"2025-04-19T13:16:57","slug":"home","status":"publish","type":"page","link":"https:\/\/catalogo.personallivre.com.br\/","title":{"rendered":"Home"},"content":{"rendered":"\t\t<div data-elementor-type=\"wp-page\" data-elementor-id=\"192\" class=\"elementor elementor-192\">\n\t\t\t\t<div class=\"elementor-element elementor-element-7c698fc e-flex e-con-boxed e-con e-parent\" data-id=\"7c698fc\" data-element_type=\"container\">\n\t\t\t\t\t<div class=\"e-con-inner\">\n\t\t\t\t<div class=\"elementor-element elementor-element-c639627 elementor-widget elementor-widget-image\" data-id=\"c639627\" data-element_type=\"widget\" data-widget_type=\"image.default\">\n\t\t\t\t<div class=\"elementor-widget-container\">\n\t\t\t\t\t\t\t\t\t\t\t\t\t\t\t<img fetchpriority=\"high\" decoding=\"async\" width=\"1024\" height=\"576\" src=\"http:\/\/catalogo.personallivre.com.br\/wp-content\/uploads\/2024\/10\/e-gerenciamento-de-cadastro-de-produtos-2-1024x576.png\" class=\"attachment-large size-large wp-image-209\" alt=\"\" srcset=\"http:\/\/catalogo.personallivre.com.br\/wp-content\/uploads\/2024\/10\/e-gerenciamento-de-cadastro-de-produtos-2-1024x576.png 1024w, http:\/\/catalogo.personallivre.com.br\/wp-content\/uploads\/2024\/10\/e-gerenciamento-de-cadastro-de-produtos-2-300x169.png 300w, http:\/\/catalogo.personallivre.com.br\/wp-content\/uploads\/2024\/10\/e-gerenciamento-de-cadastro-de-produtos-2-768x432.png 768w, http:\/\/catalogo.personallivre.com.br\/wp-content\/uploads\/2024\/10\/e-gerenciamento-de-cadastro-de-produtos-2-1536x864.png 1536w, http:\/\/catalogo.personallivre.com.br\/wp-content\/uploads\/2024\/10\/e-gerenciamento-de-cadastro-de-produtos-2-600x338.png 600w, http:\/\/catalogo.personallivre.com.br\/wp-content\/uploads\/2024\/10\/e-gerenciamento-de-cadastro-de-produtos-2.png 1920w\" sizes=\"(max-width: 1024px) 100vw, 1024px\" \/>\t\t\t\t\t\t\t\t\t\t\t\t\t\t\t<\/div>\n\t\t\t\t<\/div>\n\t\t\t\t\t<\/div>\n\t\t\t\t<\/div>\n\t\t<div class=\"elementor-element elementor-element-9a29ecd e-flex e-con-boxed e-con e-parent\" data-id=\"9a29ecd\" data-element_type=\"container\">\n\t\t\t\t\t<div class=\"e-con-inner\">\n\t\t<div class=\"elementor-element elementor-element-4961780 e-con-full e-flex e-con e-child\" data-id=\"4961780\" data-element_type=\"container\">\n\t\t\t\t<div class=\"elementor-element elementor-element-5bdb54a elementor-widget elementor-widget-text-editor\" data-id=\"5bdb54a\" data-element_type=\"widget\" data-widget_type=\"text-editor.default\">\n\t\t\t\t<div class=\"elementor-widget-container\">\n\t\t\t\t\t\t\t\t\t<p>O sistema de gerenciamento de cadastro de produtos \u00e9 uma solu\u00e7\u00e3o eficiente e intuitiva, projetada para facilitar o controle e a organiza\u00e7\u00e3o do estoque.<\/p>\t\t\t\t\t\t\t\t<\/div>\n\t\t\t\t<\/div>\n\t\t\t\t<div class=\"elementor-element elementor-element-32b33c2 elementor-widget elementor-widget-text-editor\" data-id=\"32b33c2\" data-element_type=\"widget\" data-widget_type=\"text-editor.default\">\n\t\t\t\t<div class=\"elementor-widget-container\">\n\t\t\t\t\t\t\t\t\t<p>Com uma interface amig\u00e1vel, permite o cadastro detalhado de produtos, incluindo informa\u00e7\u00f5es como descri\u00e7\u00e3o, pre\u00e7o, categoria e quantidade em estoque. Os usu\u00e1rios podem facilmente atualizar dados, realizar buscas e gerar relat\u00f3rios completos, proporcionando uma vis\u00e3o clara das movimenta\u00e7\u00f5es. Al\u00e9m disso, o sistema suporta a integra\u00e7\u00e3o com plataformas de vendas, otimizando o fluxo de trabalho<\/p>\t\t\t\t\t\t\t\t<\/div>\n\t\t\t\t<\/div>\n\t\t\t\t<\/div>\n\t\t<div class=\"elementor-element elementor-element-04b7ada e-con-full e-flex e-con e-child\" data-id=\"04b7ada\" data-element_type=\"container\">\n\t\t\t\t<div class=\"elementor-element elementor-element-fddc4f9 elementor-widget elementor-widget-image\" data-id=\"fddc4f9\" data-element_type=\"widget\" data-widget_type=\"image.default\">\n\t\t\t\t<div class=\"elementor-widget-container\">\n\t\t\t\t\t\t\t\t\t\t\t\t\t\t\t<img decoding=\"async\" width=\"1024\" height=\"576\" src=\"http:\/\/catalogo.personallivre.com.br\/wp-content\/uploads\/2024\/10\/e-gerenciamento-de-cadastro-de-produtos-1024x576.png\" class=\"attachment-large size-large wp-image-197\" alt=\"\" srcset=\"http:\/\/catalogo.personallivre.com.br\/wp-content\/uploads\/2024\/10\/e-gerenciamento-de-cadastro-de-produtos-1024x576.png 1024w, http:\/\/catalogo.personallivre.com.br\/wp-content\/uploads\/2024\/10\/e-gerenciamento-de-cadastro-de-produtos-300x169.png 300w, http:\/\/catalogo.personallivre.com.br\/wp-content\/uploads\/2024\/10\/e-gerenciamento-de-cadastro-de-produtos-768x432.png 768w, http:\/\/catalogo.personallivre.com.br\/wp-content\/uploads\/2024\/10\/e-gerenciamento-de-cadastro-de-produtos-1536x864.png 1536w, http:\/\/catalogo.personallivre.com.br\/wp-content\/uploads\/2024\/10\/e-gerenciamento-de-cadastro-de-produtos-600x338.png 600w, http:\/\/catalogo.personallivre.com.br\/wp-content\/uploads\/2024\/10\/e-gerenciamento-de-cadastro-de-produtos.png 1920w\" sizes=\"(max-width: 1024px) 100vw, 1024px\" \/>\t\t\t\t\t\t\t\t\t\t\t\t\t\t\t<\/div>\n\t\t\t\t<\/div>\n\t\t\t\t<\/div>\n\t\t\t\t\t<\/div>\n\t\t\t\t<\/div>\n\t\t<div class=\"elementor-element elementor-element-c58fea9 e-flex e-con-boxed e-con e-parent\" data-id=\"c58fea9\" data-element_type=\"container\">\n\t\t\t\t\t<div class=\"e-con-inner\">\n\t\t\t\t<div class=\"elementor-element elementor-element-6294593 elementor-widget elementor-widget-heading\" data-id=\"6294593\" data-element_type=\"widget\" data-settings=\"{&quot;_animation_mobile&quot;:&quot;slideInLeft&quot;}\" data-widget_type=\"heading.default\">\n\t\t\t\t<div class=\"elementor-widget-container\">\n\t\t\t\t\t<h2 class=\"elementor-heading-title elementor-size-default\">\"Otimize seu estoque com nosso sistema de gerenciamento de produtos: controle total, agilidade nas vendas e insights poderosos na ponta dos dedos!\"<\/h2>\t\t\t\t<\/div>\n\t\t\t\t<\/div>\n\t\t\t\t\t<\/div>\n\t\t\t\t<\/div>\n\t\t<div class=\"elementor-element elementor-element-66c8c98 e-flex e-con-boxed e-con e-parent\" data-id=\"66c8c98\" data-element_type=\"container\">\n\t\t\t\t\t<div class=\"e-con-inner\">\n\t\t<div class=\"elementor-element elementor-element-908293c e-con-full e-flex e-con e-child\" data-id=\"908293c\" data-element_type=\"container\">\n\t\t\t\t<div class=\"elementor-element elementor-element-b1b838d elementor-widget elementor-widget-image\" data-id=\"b1b838d\" data-element_type=\"widget\" data-widget_type=\"image.default\">\n\t\t\t\t<div class=\"elementor-widget-container\">\n\t\t\t\t\t\t\t\t\t\t\t\t\t\t\t<img decoding=\"async\" width=\"1024\" height=\"576\" src=\"http:\/\/catalogo.personallivre.com.br\/wp-content\/uploads\/2024\/10\/e-gerenciamento-de-cadastro-de-produtos-1-1024x576.png\" class=\"attachment-large size-large wp-image-201\" alt=\"\" srcset=\"http:\/\/catalogo.personallivre.com.br\/wp-content\/uploads\/2024\/10\/e-gerenciamento-de-cadastro-de-produtos-1-1024x576.png 1024w, http:\/\/catalogo.personallivre.com.br\/wp-content\/uploads\/2024\/10\/e-gerenciamento-de-cadastro-de-produtos-1-300x169.png 300w, http:\/\/catalogo.personallivre.com.br\/wp-content\/uploads\/2024\/10\/e-gerenciamento-de-cadastro-de-produtos-1-768x432.png 768w, http:\/\/catalogo.personallivre.com.br\/wp-content\/uploads\/2024\/10\/e-gerenciamento-de-cadastro-de-produtos-1-1536x864.png 1536w, http:\/\/catalogo.personallivre.com.br\/wp-content\/uploads\/2024\/10\/e-gerenciamento-de-cadastro-de-produtos-1-600x338.png 600w, http:\/\/catalogo.personallivre.com.br\/wp-content\/uploads\/2024\/10\/e-gerenciamento-de-cadastro-de-produtos-1.png 1920w\" sizes=\"(max-width: 1024px) 100vw, 1024px\" \/>\t\t\t\t\t\t\t\t\t\t\t\t\t\t\t<\/div>\n\t\t\t\t<\/div>\n\t\t\t\t<div class=\"elementor-element elementor-element-653cc53 elementor-align-center elementor-invisible elementor-widget elementor-widget-button\" data-id=\"653cc53\" data-element_type=\"widget\" data-settings=\"{&quot;_animation&quot;:&quot;slideInLeft&quot;}\" data-widget_type=\"button.default\">\n\t\t\t\t<div class=\"elementor-widget-container\">\n\t\t\t\t\t\t\t\t\t<div class=\"elementor-button-wrapper\">\n\t\t\t\t\t<a class=\"elementor-button elementor-button-link elementor-size-sm\" href=\"https:\/\/wa.me\/\/5521979618766\">\n\t\t\t\t\t\t<span class=\"elementor-button-content-wrapper\">\n\t\t\t\t\t\t\t\t\t<span class=\"elementor-button-text\">Fale Conosco<\/span>\n\t\t\t\t\t<\/span>\n\t\t\t\t\t<\/a>\n\t\t\t\t<\/div>\n\t\t\t\t\t\t\t\t<\/div>\n\t\t\t\t<\/div>\n\t\t\t\t<\/div>\n\t\t<div class=\"elementor-element elementor-element-55e60b4 e-con-full e-flex e-con e-child\" data-id=\"55e60b4\" data-element_type=\"container\">\n\t\t\t\t<div class=\"elementor-element elementor-element-64d5353 elementor-widget elementor-widget-text-editor\" data-id=\"64d5353\" data-element_type=\"widget\" data-widget_type=\"text-editor.default\">\n\t\t\t\t<div class=\"elementor-widget-container\">\n\t\t\t\t\t\t\t\t\t<p>Com funcionalidades de alerta para reposi\u00e7\u00e3o de produtos e hist\u00f3rico de vendas, ele se torna a ferramenta ideal para empresas que buscam efici\u00eancia e precis\u00e3o no gerenciamento de seu invent\u00e1rio.<\/p>\t\t\t\t\t\t\t\t<\/div>\n\t\t\t\t<\/div>\n\t\t\t\t<div class=\"elementor-element elementor-element-7aec2ce elementor-widget elementor-widget-image\" data-id=\"7aec2ce\" data-element_type=\"widget\" data-widget_type=\"image.default\">\n\t\t\t\t<div class=\"elementor-widget-container\">\n\t\t\t\t\t\t\t\t\t\t\t\t\t\t\t\t<a href=\"https:\/\/wa.me\/\/5521979618766\">\n\t\t\t\t\t\t\t<img loading=\"lazy\" decoding=\"async\" width=\"210\" height=\"60\" src=\"http:\/\/catalogo.personallivre.com.br\/wp-content\/uploads\/2024\/09\/cropped-catalogo.png\" class=\"attachment-large size-large wp-image-29\" alt=\"\" \/>\t\t\t\t\t\t\t\t<\/a>\n\t\t\t\t\t\t\t\t\t\t\t\t\t\t\t<\/div>\n\t\t\t\t<\/div>\n\t\t\t\t<\/div>\n\t\t\t\t\t<\/div>\n\t\t\t\t<\/div>\n\t\t\t\t<\/div>\n\t\t","protected":false},"excerpt":{"rendered":"<p>O sistema de gerenciamento de cadastro de produtos \u00e9 uma solu\u00e7\u00e3o eficiente e intuitiva, projetada para facilitar o controle e [&hellip;]<\/p>\n","protected":false},"author":1,"featured_media":0,"parent":0,"menu_order":0,"comment_status":"closed","ping_status":"closed","template":"elementor_header_footer","meta":{"site-sidebar-layout":"default","site-content-layout":"","ast-site-content-layout":"","site-content-style":"default","site-sidebar-style":"default","ast-global-header-display":"","ast-banner-title-visibility":"","ast-main-header-display":"","ast-hfb-above-header-display":"","ast-hfb-below-header-display":"","ast-hfb-mobile-header-display":"","site-post-title":"","ast-breadcrumbs-content":"","ast-featured-img":"","footer-sml-layout":"","theme-transparent-header-meta":"","adv-header-id-meta":"","stick-header-meta":"","header-above-stick-meta":"","header-main-stick-meta":"","header-below-stick-meta":"","astra-migrate-meta-layouts":"default","ast-page-background-enabled":"default","ast-page-background-meta":{"desktop":{"background-color":"var(--ast-global-color-5)","background-image":"","background-repeat":"repeat","background-position":"center center","background-size":"auto","background-attachment":"scroll","background-type":"","background-media":"","overlay-type":"","overlay-color":"","overlay-opacity":"","overlay-gradient":""},"tablet":{"background-color":"","background-image":"","background-repeat":"repeat","background-position":"center center","background-size":"auto","background-attachment":"scroll","background-type":"","background-media":"","overlay-type":"","overlay-color":"","overlay-opacity":"","overlay-gradient":""},"mobile":{"background-color":"","background-image":"","background-repeat":"repeat","background-position":"center center","background-size":"auto","background-attachment":"scroll","background-type":"","background-media":"","overlay-type":"","overlay-color":"","overlay-opacity":"","overlay-gradient":""}},"ast-content-background-meta":{"desktop":{"background-color":"var(--ast-global-color-4)","background-image":"","background-repeat":"repeat","background-position":"center center","background-size":"auto","background-attachment":"scroll","background-type":"","background-media":"","overlay-type":"","overlay-color":"","overlay-opacity":"","overlay-gradient":""},"tablet":{"background-color":"var(--ast-global-color-4)","background-image":"","background-repeat":"repeat","background-position":"center center","background-size":"auto","background-attachment":"scroll","background-type":"","background-media":"","overlay-type":"","overlay-color":"","overlay-opacity":"","overlay-gradient":""},"mobile":{"background-color":"var(--ast-global-color-4)","background-image":"","background-repeat":"repeat","background-position":"center center","background-size":"auto","background-attachment":"scroll","background-type":"","background-media":"","overlay-type":"","overlay-color":"","overlay-opacity":"","overlay-gradient":""}},"footnotes":""},"class_list":["post-192","page","type-page","status-publish","hentry"],"_links":{"self":[{"href":"https:\/\/catalogo.personallivre.com.br\/index.php\/wp-json\/wp\/v2\/pages\/192","targetHints":{"allow":["GET"]}}],"collection":[{"href":"https:\/\/catalogo.personallivre.com.br\/index.php\/wp-json\/wp\/v2\/pages"}],"about":[{"href":"https:\/\/catalogo.personallivre.com.br\/index.php\/wp-json\/wp\/v2\/types\/page"}],"author":[{"embeddable":true,"href":"https:\/\/catalogo.personallivre.com.br\/index.php\/wp-json\/wp\/v2\/users\/1"}],"replies":[{"embeddable":true,"href":"https:\/\/catalogo.personallivre.com.br\/index.php\/wp-json\/wp\/v2\/comments?post=192"}],"version-history":[{"count":34,"href":"https:\/\/catalogo.personallivre.com.br\/index.php\/wp-json\/wp\/v2\/pages\/192\/revisions"}],"predecessor-version":[{"id":266,"href":"https:\/\/catalogo.personallivre.com.br\/index.php\/wp-json\/wp\/v2\/pages\/192\/revisions\/266"}],"wp:attachment":[{"href":"https:\/\/catalogo.personallivre.com.br\/index.php\/wp-json\/wp\/v2\/media?parent=192"}],"curies":[{"name":"wp","href":"https:\/\/api.w.org\/{rel}","templated":true}]}}